e prime factors of 5725.
5, 229
What are the prime factors of 2744?
2, 7
List the prime factors of 462.
2, 3, 7, 11
What are the prime factors of 94243?
73, 1291
List the prime factors of 4984.
2, 7, 89
What are the prime factors of 2596?
2, 11, 59
What are the prime factors of 105134?
2, 52567
What are the prime factors of 345?
3, 5, 23
What are the prime factors of 11962?
2, 5981
What are the prime factors of 111455?
5, 22291
List the prime factors of 5555.
5, 11, 101
List the prime factors of 3007.
31, 97
List the prime factors of 4513.
4513
List the prime factors of 21588.
2, 3, 7, 257
What are the prime factors of 203?
7, 29
What are the prime factors of 57948?
2, 3, 11, 439
List the prime factors of 1450.
2, 5, 29
What are the prime factors of 10034?
2, 29, 173
What are the prime factors of 5002?
2, 41, 61
List the prime factors of 58505.
5, 11701
What are the prime factors of 2033?
19, 107
What are the prime factors of 4840?
2, 5, 11
What are the prime factors of 74163?
3, 59, 419
What are the prime factors of 2902?
2, 1451
List the prime factors of 5344.
2, 167
List the prime factors of 65511.
3, 29, 251
What are the prime factors of 1415?
5, 283
List the prime factors of 10303.
10303
List the prime factors of 3847.
3847
What are the prime factors of 134862?
2, 3, 7, 13, 19
List the prime factors of 1602.
2, 3, 89
What are the prime factors of 2362?
2, 1181
What are the prime factors of 1550?
2, 5, 31
What are the prime factors of 22839?
3, 23, 331
List the prime factors of 5228.
2, 1307
What are the prime factors of 21852?
2, 3, 607
What are the prime factors of 7092?
2, 3, 197
List the prime factors of 13197.
3, 53, 83
List the prime factors of 3292.
2, 823
List the prime factors of 31208.
2, 47, 83
List the prime factors of 8420.
2, 5, 421
List the prime factors of 19153.
107, 179
What are the prime factors of 223?
223
List the prime factors of 5023.
5023
List the prime factors of 132491.
132491
List the prime factors of 12033.
3, 7, 191
What are the prime factors of 1168?
2, 73
What are the prime factors of 1081?
23, 47
What are the prime factors of 2341?
2341
What are the prime factors of 37?
37
What are the prime factors of 28093?
13, 2161
What are the prime factors of 1100?
2, 5, 11
List the prime factors of 44787.
3, 14929
What are the prime factors of 2811?
3, 937
What are the prime factors of 3938?
2, 11, 179
List the prime factors of 80786.
2, 31, 1303
What are the prime factors of 3827?
43, 89
What are the prime factors of 12369?
3, 7, 19, 31
What are the prime factors of 6782?
2, 3391
What are the prime factors of 1998?
2, 3, 37
What are the prime factors of 42068?
2, 13, 809
What are the prime factors of 28004?
2, 7001
List the prime factors of 86915.
5, 17383
What are the prime factors of 13071?
3, 4357
List the prime factors of 195906.
2, 3, 103, 317
List the prime factors of 640.
2, 5
What are the prime factors of 26283?
3, 8761
What are the prime factors of 2031?
3, 677
What are the prime factors of 55842?
2, 3, 41, 227
List the prime factors of 3008.
2, 47
What are the prime factors of 4337?
4337
What are the prime factors of 52814?
2, 26407
List the prime factors of 19703.
17, 19, 61
What are the prime factors of 39654?
2, 3, 2203
What are the prime factors of 921?
3, 307
List the prime factors of 48534.
2, 3, 8089
What are the prime factors of 1750?
2, 5, 7
List the prime factors of 1733.
1733
List the prime factors of 1321.
1321
List the prime factors of 26846.
2, 31, 433
What are the prime factors of 43997?
43997
List the prime factors of 66339.
3, 7, 13
What are the prime factors of 29?
29
List the prime factors of 12999.
3, 7, 619
What are the prime factors of 57759?
3, 13, 1481
List the prime factors of 582.
2, 3, 97
What are the prime factors of 8965?
5, 11, 163
List the prime factors of 698.
2, 349
List the prime factors of 5074.
2, 43, 59
What are the prime factors of 4143?
3, 1381
What are the prime factors of 5621?
7, 11, 73
List the prime factors of 10316.
2, 2579
List the prime factors of 115974.
2, 3, 17, 379
What are the prime factors of 9310?
2, 5, 7, 19
List the prime factors of 144.
2, 3
List the prime factors of 63609.
3, 7, 13, 233
What are the prime factors of 3083?
3083
List the prime factors of 24701.
17, 1453
List the prime factors of 758.
2, 379
What are the prime factors of 166?
2, 83
List the prime factors of 18544.
2, 19, 61
What are the prime factors of 22554?
2, 3, 7, 179
What are the prime factors of 2585?
5, 11, 47
List the prime factors of 9024.
2, 3, 47
What are the prime factors of 38283?
3, 7, 1823
List the prime factors of 5217.
3, 37, 47
List the prime factors of 242.
2, 11
List the prime factors of 1353.
3, 11, 41
List the prime factors of 3047.
11, 277
List the prime factors of 25854.
2, 3, 31, 139
List the prime factors of 5405.
5, 23, 47
List the prime factors of 12700.
2, 5, 127
What are the prime factors of 66002?
2, 61, 541
What are the prime factors of 840?
2, 3, 5, 7
List the prime factors of 139.
139
What are the prime factors of 18160?
2, 5, 227
What are the prime factors of 1001?
7, 11, 13
List the prime factors of 1436.
2, 359
What are the prime factors of 16977?
3, 5659
What are the prime factors of 844?
2, 211
List the prime factors of 500.
2, 5
What are the prime factors of 6818?
2, 7, 487
List the prime factors of 176431.
176431
List the prime factors of 84027.
3, 37, 757
List the prime factors of 1222.
2, 13, 47
What are the prime factors of 10401?
3, 3467
What are the prime factors of 102039?
3, 7, 43, 113
What are the prime factors of 2124?
2, 3, 59
List the prime factors of 6049.
23, 263
What are the prime factors of 602?
2, 7, 43
What are the prime factors of 3772?
2, 23, 41
List the prime factors of 3109.
3109
List the prime factors of 50915.
5, 17, 599
What are the prime factors of 36436?
2, 9109
List the prime factors of 14224.
2, 7, 127
List the prime factors of 11615.
5, 23, 101
List the prime factors of 175785.
3, 5, 11719
What are the prime factors of 8941?
8941
What are the prime factors of 235?
5, 47
List the prime factors of 4437.
3, 17, 29
List the prime factors of 4890.
2, 3, 5, 163
What are the prime factors of 949?
13, 73
What are the prime factors of 157647?
3, 7, 7507
What are the prime factors of 974?
2, 487
List the prime factors of 19507.
19507
What are the prime factors of 21885?
3, 5, 1459
What are the prime factors of 2331?
3, 7, 37
What are the prime factors of 553?
7, 79
What are the prime factors of 664?
2, 83
What are the prime factors of 681?
3, 227
List the prime factors of 26612.
2, 6653
List the prime factors of 17773.
7, 2539
What are the prime factors of 19283?
11, 1753
What are the prime factors of 117657?
3, 17, 769
List the prime factors of 277.
277
List the prime factors of 829.
829
List the prime factors of 22494.
2, 3, 23, 163
List the prime factors of 67.
67
List the prime factors of 29667.
3, 11, 29, 31
What are the prime factors of 2393?
2393
List the prime factors of 1931.
1931
List the prime factors of 4958.
2, 37, 67
What are the prime factors of 3642?
2, 3, 607
List the prime factors of 13975.
5, 13, 43
List the prime factors of 1507.
11, 137
What are the prime factors of 116623?
13, 8971
List the prime factors of 9404.
2, 2351
What are the prime factors of 91887?
3, 109, 281
What are the prime factors of 47623?
47623
List the prime factors of 21494.
2, 11, 977
List the prime factors of 51498.
2, 3, 2861
List the prime factors of 7907.
7907
List the prime factors of 514.
2, 257
List the prime factors of 2001.
3, 23, 29
What are the prime factors of 17578?
2, 11, 17, 47
List the prime factors of 8671.
13, 23, 29
What are the prime factors of 36619?
11, 3329
List the prime factors of 41294.
2, 11, 1877
List the prime factors of 51294.
2, 3, 83, 103
What are the prime factors of 3644?
2, 911
List the prime factors of 76671.
3, 7, 1217
What are the prime factors of 8783?
8783
List the prime factors of 645.
3, 5, 43
List the prime factors of 2381.
2381
List the prime factors of 2383.
2383
What are the prime factors of 2993?
41, 73
List the prime factors of 902.
2, 11, 41
What are the prime factors of 12651?
3, 4217
List the prime factors of 7900.
2, 5, 79
List the prime factors of 105678.
2, 3, 19, 103
What are t